e prime factors of 49371901.
49371901
List the prime factors of 2220664103.
7, 2503, 126743
What are the prime factors of 218132126?
2, 107, 149, 6841
What are the prime factors of 839472784?
2, 17, 211, 14627
List the prime factors of 7021181.
167, 42043
List the prime factors of 261827844.
2, 3, 53, 411679
What are the prime factors of 13613312?
2, 41, 1297
List the prime factors of 1094306469.
3, 6113, 59671
What are the prime factors of 1177295753?
43, 1523, 17977
What are the prime factors of 6850399?
113, 60623
List the prime factors of 283585125.
3, 5, 756227
What are the prime factors of 1181098131?
3, 393699377
List the prime factors of 208553664.
2, 3, 11, 47, 191
List the prime factors of 753440640.
2, 3, 5, 71, 5527
What are the prime factors of 272035868?
2, 13, 79, 66221
List the prime factors of 3786349954.
2, 30509, 62053
What are the prime factors of 181219155?
3, 5, 13, 37, 25117
List the prime factors of 2231658303.
3, 7, 59, 257311
List the prime factors of 17641303.
17641303
What are the prime factors of 230734949?
1123, 205463
What are the prime factors of 289666975?
5, 13, 601, 1483
What are the prime factors of 18020723?
7, 71, 101, 359
What are the prime factors of 475545209?
475545209
What are the prime factors of 656108130?
2, 3, 5, 21870271
What are the prime factors of 3162966447?
3, 4003, 263383
List the prime factors of 722710137.
3, 17, 127, 111581
List the prime factors of 12726043.
11, 211, 5483
List the prime factors of 155609107.
19, 353, 23201
What are the prime factors of 1713383467?
181, 9466207
List the prime factors of 163482965.
5, 17, 23, 4919
What are the prime factors of 45033537?
3, 229, 65551
What are the prime factors of 11338640?
2, 5, 271, 523
List the prime factors of 268792603.
268792603
List the prime factors of 50407701.
3, 16802567
List the prime factors of 62239709.
7, 8891387
List the prime factors of 325065832.
2, 7, 13, 19, 71, 331
What are the prime factors of 1397148342?
2, 3, 37, 179, 35159
List the prime factors of 137131344.
2, 3, 7, 136043
What are the prime factors of 2172212073?
3, 521, 51473
What are the prime factors of 29240324?
2, 227, 32203
What are the prime factors of 122232046?
2, 499, 122477
List the prime factors of 77689380.
2, 3, 5, 1294823
What are the prime factors of 17351593?
7, 67, 36997
List the prime factors of 4267849947.
3, 211, 6742259
List the prime factors of 3435667600.
2, 5, 1471, 5839
What are the prime factors of 40387595?
5, 263, 30713
List the prime factors of 140845655.
5, 28169131
List the prime factors of 72070563.
3, 24023521
List the prime factors of 72712547.
72712547
List the prime factors of 294897021.
3, 137, 717511
What are the prime factors of 667050900?
2, 3, 5, 2223503
What are the prime factors of 242498330?
2, 5, 19, 1276307
What are the prime factors of 211596133?
7, 83, 364193
What are the prime factors of 25162798?
2, 269, 46771
List the prime factors of 994254518.
2, 521, 829, 1151
What are the prime factors of 2027397224?
2, 79, 1399, 2293
What are the prime factors of 815332931?
7, 116476133
List the prime factors of 1292091602.
2, 646045801
What are the prime factors of 39966180?
2, 3, 5, 23, 28961
What are the prime factors of 30112366?
2, 15056183
What are the prime factors of 162646954?
2, 19, 4280183
List the prime factors of 641308157.
7, 6317, 14503
List the prime factors of 163897222.
2, 521, 157291
What are the prime factors of 5091060931?
11, 563, 822067
List the prime factors of 209382405.
3, 5, 13958827
List the prime factors of 2535675494.
2, 11, 17, 29, 389, 601
List the prime factors of 1131536532.
2, 3, 7, 41, 101, 3253
List the prime factors of 117468767.
13, 9036059
What are the prime factors of 194527106?
2, 97263553
What are the prime factors of 1295926401?
3, 7, 11, 41, 293, 467
List the prime factors of 420414206.
2, 210207103
What are the prime factors of 48692971?
31, 73, 21517
List the prime factors of 5270378090.
2, 5, 107, 409, 12043
What are the prime factors of 1651411353?
3, 19, 127, 228127
What are the prime factors of 33206363?
29, 31, 43, 859
What are the prime factors of 17896748?
2, 163, 27449
List the prime factors of 161168925.
3, 5, 17, 19, 6653
List the prime factors of 83277022.
2, 97, 197, 2179
List the prime factors of 1916072095.
5, 7, 4159, 13163
List the prime factors of 40899622.
2, 43, 173, 2749
What are the prime factors of 5765714267?
23, 373, 672073
What are the prime factors of 276769575?
3, 5, 410029
What are the prime factors of 26205436?
2, 449, 14591
List the prime factors of 1512453116.
2, 378113279
List the prime factors of 4228676588.
2, 43, 97, 191, 1327
What are the prime factors of 1893040550?
2, 5, 2677, 14143
List the prime factors of 37161913.
47, 761, 1039
List the prime factors of 9228250.
2, 5, 36913
What are the prime factors of 80206845?
3, 5, 5347123
What are the prime factors of 41589475?
5, 1663579
List the prime factors of 782055406.
2, 11, 149, 227, 1051
List the prime factors of 46350492.
2, 3, 37, 104393
What are the prime factors of 49509079?
19, 2605741
List the prime factors of 5976859614.
2, 3, 11, 89, 233, 397
List the prime factors of 142054466.
2, 71027233
List the prime factors of 391295126.
2, 3613, 54151
What are the prime factors of 93587518?
2, 46793759
List the prime factors of 5226061193.
887, 5891839
What are the prime factors of 51770822?
2, 61, 424351
List the prime factors of 64213489.
64213489
List the prime factors of 52791719.
52791719
What are the prime factors of 133324278?
2, 3, 22220713
List the prime factors of 669325929.
3, 31, 179, 1297
What are the prime factors of 2811711101?
2811711101
List the prime factors of 70396836.
2, 3, 23, 41, 6221
What are the prime factors of 1096939279?
71, 15449849
List the prime factors of 78503497.
19, 4131763
List the prime factors of 37575126.
2, 3, 29, 71983
What are the prime factors of 455003802?
2, 3, 11, 23, 31, 293
List the prime factors of 1774870159.
17, 104404127
What are the prime factors of 534401097?
3, 178133699
What are the prime factors of 706109866?
2, 7, 11, 4585129
List the prime factors of 1111472618.
2, 29, 19163321
List the prime factors of 147890213.
181, 817073
List the prime factors of 127907430.
2, 3, 5, 7, 19, 32057
List the prime factors of 145195000.
2, 5, 71, 409
What are the prime factors of 74028680?
2, 5, 11, 168247
What are the prime factors of 355990451?
355990451
What are the prime factors of 1559054660?
2, 5, 6701, 11633
What are the prime factors of 75086960?
2, 5, 13, 17, 31, 137
What are the prime factors of 2744673686?
2, 157, 8740999
List the prime factors of 4404956013.
3, 18127391
List the prime factors of 2279804538.
2, 3, 11, 34542493
List the prime factors of 1570938280.
2, 5, 67, 97, 6043
What are the prime factors of 111354495?
3, 5, 7, 1060519
List the prime factors of 471833701.
471833701
List the prime factors of 9891118.
2, 43, 115013
List the prime factors of 3848446922.
2, 19, 79, 1281961
What are the prime factors of 96422624?
2, 23, 131009
What are the prime factors of 1559093979?
3, 519697993
What are the prime factors of 72851601?
3, 541, 44887
What are the prime factors of 819022620?
2, 3, 5, 13, 709, 1481
What are the prime factors of 3631244838?
2, 3, 13, 1753, 26557
What are the prime factors of 103917851?
113, 311, 2957
What are the prime factors of 31682636?
2, 163, 48593
What are the prime factors of 1340349389?
1340349389
List the prime factors of 4925643300.
2, 3, 5, 83, 233, 283
What are the prime factors of 1278160696?
2, 159770087
What are the prime factors of 234529213?
293, 800441
List the prime factors of 616834565.
5, 10321, 11953
What are the prime factors of 27683259?
3, 17, 79, 6871
List the prime factors of 159595912.
2, 7, 2849927
What are the prime factors of 1753203217?
17, 103129601
List the prime factors of 2792503549.
11, 19, 43, 310727
What are the prime factors of 105802462?
2, 37, 1429763
What are the prime factors of 8896018?
2, 4448009
List the prime factors of 3535249913.
13, 73, 1217, 3061
What are the prime factors of 2694176894?
2, 31547, 42701
What are the prime factors of 36874824?
2, 3, 7, 103, 2131
What are the prime factors of 194522432?
2, 13, 17, 809
List the prime factors of 3341188014.